(base 3) in base 9?
-1175448
110001100110000101 (base 2) to base 13
71603
Convert -1110221000001 (base 3) to base 4.
-2333313013
-3678040 (base 11) to base 16
-619138
Convert -2155697 (base 10) to base 3.
-11001112001122
Convert 30101302220 (base 4) to base 3.
20001112002102
Convert 11033431 (base 7) to base 14.
1aa118
What is 22410323 (base 6) in base 12?
2909a3
Convert -1111100 (base 6) to base 2.
-1101101010101100
What is e7898 (base 16) in base 5?
220322001
977197 (base 13) to base 11
200a671
36015 (base 15) to base 9
282122
Convert -445aa (base 12) to base 13.
-32395
What is 358189 (base 13) in base 2?
100110111001010101110
Convert 18a3c00 (base 13) to base 8.
36673366
What is 10000000011001010011011 (base 2) in base 11?
2413a81
What is -1111153 (base 6) in base 14?
-165ad
What is 111550 (base 7) in base 10?
19831
Convert 110111001100110011 (base 2) to base 6.
4502431
What is -4722337 (base 8) in base 15?
-1a66b1
-56606776 (base 8) to base 16
-bb0dfe
8008926 (base 10) to base 12
2822966
-b550 (base 13) to base 12
-12619
24598 (base 12) to base 2
1100000001000100
22313021222 (base 4) to base 2
1010110111001001101010
What is 618831 (base 11) in base 5?
223230342
Convert -46530 (base 11) to base 15.
-14d93
Convert 102001202102 (base 3) to base 13.
78194
What is 465c6c (base 15) in base 11?
1996129
What is 314a67 (base 12) in base 11?
48a849
-68043 (base 11) to base 9
-160150
What is -1231003123 (base 5) in base 15?
-3de5ad
1b39b (base 14) to base 4
100323031
Convert 36a145 (base 13) to base 4.
10333030301
Convert -100000011011010001 (base 2) to base 13.
-485b9
-530351 (base 8) to base 3
-22221220220
Convert 100001100110000 (base 2) to base 14.
63a8
What is 1011454 (base 7) in base 14?
31d64
What is 104502113 (base 7) in base 5?
3104221202
What is 77520021 (base 8) in base 3?
1011101210102112
Convert 3024131 (base 7) to base 5.
42443232
-2020222 (base 11) to base 7
-42236643
Convert 7655854 (base 9) to base 5.
2023032103
10010011101001 (base 2) to base 15
2bee
What is 10211112112021 (base 3) in base 14?
3b0992
28351 (base 14) to base 8
302163
-1352141 (base 6) to base 8
-226235
1232010 (base 5) to base 14
8a69
What is -16153607 (base 8) in base 14?
-6cd811
What is 21101100 (base 5) in base 8?
526056
What is -609471 (base 10) in base 5?
-124000341
What is -3ca50 (base 16) in base 7?
-2053125
-9cd61 (base 16) to base 14
-12a17b
Convert -871742 (base 10) to base 14.
-189994
-330233021 (base 5) to base 2
-101011001011001101001
120429 (base 10) to base 11
82531
Convert -1184762 (base 11) to base 3.
-10212110021101
What is -10011011100011001000 (base 2) in base 11?
-3a5758
Convert -170914 (base 10) to base 15.
-35994
-1378212 (base 15) to base 8
-65462440
-3941c (base 15) to base 6
-3532013
What is 239a572 (base 13) in base 9?
22707228
What is 101303202 (base 5) in base 6?
12530100
What is 1189565 (base 10) in base 15?
1876e5
-101000001100100010 (base 2) to base 13
-59c2a
Convert 11111001220110 (base 3) to base 7.
26153421
-101010111011111111010 (base 2) to base 6
-50053430
Convert 30203101112 (base 4) to base 10.
3290198
Convert -162055 (base 13) to base 7.
-4436053
-4aa63 (base 13) to base 11
-94741
Convert 101000101001100101000100 (base 2) to base 6.
1020221352
What is 121220320 (base 4) in base 16?
19a38
10220333030 (base 4) to base 12
4a7b78
Convert -355503151 (base 6) to base 12.
-22b7ab7
54513153 (base 6) to base 9
3050076
Convert 250513315 (base 6) to base 7.
55540514
Convert 75ada (base 15) to base 2.
1011011001111001001
-21561515 (base 7) to base 11
-1063312
Convert -37dc8 (base 15) to base 13.
-633b6
-112410344 (base 6) to base 15
-2b2d6a
Convert 27823 (base 13) to base 7.
425254
Convert -25d63d (base 14) to base 8.
-4764067
What is 2b744 (base 12) in base 7?
344263
Convert -39916 (base 14) to base 8.
-424640
Convert 541214 (base 6) to base 11.
3036a
-6613661 (base 7) to base 9
-1464718
-4465344 (base 8) to base 3
-2021022201011
Convert -1003213232 (base 4) to base 8.
-1034756
Convert -104144021 (base 6) to base 4.
-13023000031
11022120202 (base 3) to base 8
245775
Convert -3ba898 (base 12) to base 11.
-619185
Convert 5143414 (base 6) to base 12.
bab6a
45630 (base 8) to base 6
225332
Convert -100520 (base 9) to base 5.
-3400342
10120020010211 (base 3) to base 6
104332421
Convert -111111010011111111 (base 2) to base 9.
-434651
Convert -19c393 (base 13) to base 10.
-655333
Convert 10228987 (base 10) to base 9.
21220471
535b33 (base 14) to base 13
779914
-30031003002 (base 4) to base 6
-152322550
Convert 3014324211 (base 5) to base 4.
112323210231
Convert -422305244 (base 6) to base 15.
-9b16c1
Convert 3880063 (base 9) to base 7.
24004413
Convert 100100100100001110011 (base 2) to base 12.
499497
13310225 (base 6) to base 11
284058
-54145054 (base 6) to base 16
-186b7a
Convert 10210311120 (base 4) to base 12.
49a160
-463303 (base 8) to base 14
-414d5
What is 21402344 (base 7) in base 15?
2630d8
Convert -4364094 (base 11) to base 15.
-a1564a
-524c9 (base 16) to base 13
-ba587
-10100163 (base 7) to base 13
-235707
Convert 3312555 (base 6) to base 7.
1255514
Convert -cc0b (base 16) to base 15.
-10725
1bdf (base 16) to base 12
4167
-26c069 (base 15) to base 11
-1062857
What is -1030971 (base 10) in base 6?
-34033003
-14705 (base 14) to base 2
-1100011001010001
Convert -140281 (base 11) to base 3.
-102011201011
What is 8207a7 (base 11) in base 14?
2647b8
-11233320320 (base 4) to base 6
-52144132
Convert 2166001 (base 8) to base 4.
2032300001
Convert 21401152 (base 6) to base 4.
2123233130
-1413131320 (base 5) to base 2
-1101111010000110001011
Convert -4302011100 (base 5) to base 12.
-30299a8
What is -376 (base 12) in base 5?
-4042
What is 3252776 (base 8) in base 4?
3111113332
433403221 (base 5) to base 7
21532036
-1301233302 (base 4) to base 12
-1a5756
What is -323a21 (base 13) in base 5?
-300214214
1404032 (base 6) to base 5
10004034
Convert 1176550 (base 8) to base 6.
11001544
Convert -1111001010011010100 (base 2) to base 9.
-836487
Convert -1010111010000101110111 (base 2) to base 5.
-1213000013
What is -6474565 (base 10) in base 7?
-106014166
2477821 (base 9) to base 13
383a9a
Convert -110471 (base 10) to base 13.
-3b38a
Convert 10000102202212 (base 3) to base 14.
2da213
1554306 (base 8) to base 14
b974a
What is -b91e (base 15) in base 9?
-58662
What is 132032303 (base 4) in base 8?
361663
-1186974 (base 10) to base 3
-2020022020000
Convert -161142 (base 11) to base 3.
-110201110220
-8a559c (base 13) to base 4
-30131311021
122564 (base 8) to base 7
234326
What is -25559a3 (base 12) in base 7?
-116205606
Convert 7cc4cb (base 15) to base 14.
b13a32
Convert -3131312313 (base 4) to base 8.
-3356667
-13341443330 (base 5) to base 10
-17140465
Convert -11001000001001110111 (base 2) to base 7.
-6653115
What is -1133102312 (base 4) in base 9?
-654375
Convert a2586a (base 11) to base 13.
458b61
b861a5 (base 12) to base 8
13072615
Convert -163044 (base 12) to base 14.
-9bd08
7266613 (base 9) to base 5
1443214143
What is -11110001101011010 (base 2) in base 7?
-1023516
-643603 (base 9) to base 16
-5d8ee
What is -13013011320 (base 4) in base 11?
-1063547
-222121111022001 (base 3) to base 5
-12110021323
Convert -20b221 (base 12) to base 5.
-113020420
Convert -b6b66 (base 12) to base 7.
-2020035
What is 1231400 (base 7) in base 4?
212310131
What is -1203234 (base 6) in base 12?
-3051a
What is -4751db (base 16) in base 6?
-244102535
-1000012022102 (base 3) to base 8
-2025421
What is 236461 (base 13) in base 11?
525842
-15ba20 (base 15) to base 16
-100d01
-425173 (base 9) to base 6
-5231450
Convert 5528a (base 14) to base 10.
206314
-19d9a5 (base 14) to base 7
-10554365
-1474063 (base 9) to base 5
-202112122
-5ec58 (base 15) to base 5
-34200113
3573f (base 16) to base 7
1601214
766469 (base 13) to base 11
1631a29
100c11 (base 15) to base 12
309037
What is -130121234 (base 5) in base 11?
-3a0006
Convert -1010011110111011 (base 2) to base 16.
-a7bb
2332321 (base 4) to base 7
50422
103b88 (base 13) to base 10
379855
What is cae35e (base 15) in base 6?
543105312
Convert -355073 (base 8) to base 4.
-131220323
Convert 1430404012 (base 5) to base 7.
43661603
-2b4795 (base 16) to base 3
-12100002202212
Convert -361391 (base 10) to base 15.
-7212b
Convert -1120201